{"id":37,"date":"2025-12-19T09:19:58","date_gmt":"2025-12-19T09:19:58","guid":{"rendered":"https:\/\/erganispor.com.tr\/services\/"},"modified":"2025-12-19T12:30:18","modified_gmt":"2025-12-19T09:30:18","slug":"services","status":"publish","type":"page","link":"https:\/\/erganispor.com.tr\/?page_id=37","title":{"rendered":"Hedeflerimiz"},"content":{"rendered":"\n\n\n\n\n\n\n<h2>Hizmetlerimiz Hakk\u0131nda<\/h2>\n\n\n\n<h2>Sundu\u011fumuz hizmetleri ayr\u0131nt\u0131l\u0131 olarak \u00f6\u011frenin.<\/h2>\n\n\n\n\n\n\n\n\n\n\n\n<h2>Kul\u00fcp Turnuvas\u0131<\/h2>\n\n\n\n<h2>Ba\u015far\u0131l\u0131 futbolcular\u0131n bir araya geldi\u011fi bir etkinlik organizasyonu.<\/h2>\n\n\n\n\n\n<h2>Yaz Kamp\u0131<\/h2>\n\n\n\n<h2>Gen\u00e7 yetenekler i\u00e7in haz\u0131rlanan yaz kamplar\u0131 hakk\u0131nda bilgiler.<\/h2>\n\n\n\n\n\n<h2>Yerel Tak\u0131mlar Aras\u0131 Kar\u015f\u0131la\u015fma<\/h2>\n\n\n\n<h2>Futbol tak\u0131mlar\u0131 aras\u0131nda d\u00fczenlenecek kar\u015f\u0131la\u015fmalar ile rekabet ve birlik sa\u011flanacak.<\/h2>\n\n\n\n\n\n\n\n\n\n<h2>\u00d6zellikler<\/h2>\n\n\n\n<h2>Kul\u00fcb\u00fcm\u00fcz\u00fcn sundu\u011fu anahtar \u00f6zellikler aras\u0131nda tak\u0131m dayan\u0131\u015fmas\u0131 ve toplumsal kat\u0131l\u0131mc\u0131l\u0131k yer almaktad\u0131r.<br><\/h2>\n\n\n\n\n\n\n\n\n\n\n\n\n\n\n\n\n\n\n\n\n\n\n\n<h2>Hizmetlerimiz<\/h2>\n\n\n\n\n\n\n\n\n\n\n\n<span style=\"color:#000000\">Kul\u00fcp web sitesi ve dijital platformlar\u0131 i\u00e7in profesyonel tasar\u0131m ve geli\u015ftirme hizmetleri sunuyoruz.<\/span>\n\n\n\n\n\n\n\n\n\n<span style=\"color:#000000\">Taraftarlar\u0131m\u0131zla ba\u011flant\u0131da kalmak i\u00e7in sosyal medya stratejileri olu\u015fturuyor ve etkin bir ileti\u015fim sa\u011fl\u0131yoruz.<\/span>\n\n\n\n\n\n\n\n\n\n<span style=\"color:#000000\">Gen\u00e7 futbolculara kendi potansiyellerini a\u00e7\u0131\u011fa \u00e7\u0131karacak e\u011fitim programlar\u0131 sunuyoruz.\n<\/span>\n\n\n\n\n\n\n\n\n\n\n\n<span style=\"color:#000000\">Tak\u0131m hedeflerini belirlemek ve stratejiler olu\u015fturmak konusunda destek vermekteyiz.\n<\/span>\n\n\n\n\n\n\n\n\n\n<span style=\"color:#000000\">Kul\u00fcp etkinliklerinin organizasyonu ve y\u00f6netimi konusunda profesyonel destek sa\u011fl\u0131yoruz.\n\n<\/span>\n\n\n\n\n\n\n\n\n\n<span style=\"color:#000000\">Kurumsal sponsorlar ile i\u015fbirlikleri geli\u015ftirmek i\u00e7in \u00e7\u00f6z\u00fcmler sunuyoruz.\n<\/span>\n\n\n\n\n\n\n\n\n\n<h1>Sundu\u011fumuz Farkl\u0131l\u0131klar<\/h1>\n\n\n\n<h2>Ergaming Spor Kul\u00fcb\u00fc olarak yenilik\u00e7i ve geli\u015fmeye a\u00e7\u0131k bir yap\u0131ya sahibiz.<\/h2>\n\n\n\n\n\n\n\n\n\n\n\n\n\n\n\n\n","protected":false},"excerpt":{"rendered":"","protected":false},"author":1,"featured_media":0,"parent":0,"menu_order":0,"comment_status":"closed","ping_status":"closed","template":"","meta":{"pagelayer_contact_templates":[],"_pagelayer_content":"","footnotes":""},"class_list":["post-37","page","type-page","status-publish","hentry"],"_links":{"self":[{"href":"https:\/\/erganispor.com.tr\/index.php?rest_route=\/wp\/v2\/pages\/37","targetHints":{"allow":["GET"]}}],"collection":[{"href":"https:\/\/erganispor.com.tr\/index.php?rest_route=\/wp\/v2\/pages"}],"about":[{"href":"https:\/\/erganispor.com.tr\/index.php?rest_route=\/wp\/v2\/types\/page"}],"author":[{"embeddable":true,"href":"https:\/\/erganispor.com.tr\/index.php?rest_route=\/wp\/v2\/users\/1"}],"replies":[{"embeddable":true,"href":"https:\/\/erganispor.com.tr\/index.php?rest_route=%2Fwp%2Fv2%2Fcomments&post=37"}],"version-history":[{"count":1,"href":"https:\/\/erganispor.com.tr\/index.php?rest_route=\/wp\/v2\/pages\/37\/revisions"}],"predecessor-version":[{"id":51,"href":"https:\/\/erganispor.com.tr\/index.php?rest_route=\/wp\/v2\/pages\/37\/revisions\/51"}],"wp:attachment":[{"href":"https:\/\/erganispor.com.tr\/index.php?rest_route=%2Fwp%2Fv2%2Fmedia&parent=37"}],"curies":[{"name":"wp","href":"https:\/\/api.w.org\/{rel}","templated":true}]}}